(17).
-1
Let u(j) = 27*j - 2. Determine u(1).
25
Let z(v) = -v - 7. Determine z(-8).
1
Let l(z) = -2*z + 3. Determine l(1).
1
Let x(d) = d**2 + 11*d - 6. Determine x(-11).
-6
Let z(c) = 4*c + 45. Determine z(-10).
5
Let z(c) = -2*c - 6. What is z(8)?
-22
Let p(v) = -v**2 - 19*v - 54. Give p(-15).
6
Let s(w) = -12*w**2 + 4*w - 3. Give s(1).
-11
Let o(b) = b + 19. Calculate o(-6).
13
Let i(x) = -3*x**3 - x**2 + x - 2. Determine i(-3).
67
Let y(l) = -6*l + 4. Calculate y(2).
-8
Let y(g) = 6*g - 13. Give y(2).
-1
Let r(v) = 3*v**2 - 3*v - 2. Determine r(-4).
58
Let d(b) = -b**3 + 9*b**2 + 22*b - 14. Determine d(11).
-14
Let x(g) = 2*g - 2. Determine x(-6).
-14
Let p(q) = q**3 - 14*q**2 - 35*q + 50. Give p(16).
2
Let z(a) = -a - 1. Determine z(5).
-6
Let j(f) = 8*f + 4. What is j(-3)?
-20
Let f(z) = 4*z - 7. Calculate f(-5).
-27
Let o(n) = -n**3 - 13*n**2 - 15*n. Determine o(-11).
-77
Let k(u) = 6*u + 1. Determine k(3).
19
Let o(h) = -14*h + 2. Calculate o(-1).
16
Let l(s) = -s**3 + 14*s**2 + s + 9. What is l(15)?
-201
Let m(b) = -6*b. Calculate m(-3).
18
Let j(c) = 5*c - 2. Calculate j(1).
3
Let t(i) = i**3 - 27*i**2 - 22*i - 32. Calculate t(28).
136
Let g(v) = 3*v - 32. Determine g(11).
1
Let u(p) = -4*p + 19. Calculate u(6).
-5
Let n(y) = -5*y - 30. Determine n(-7).
5
Let v(y) = -y**3 + 9*y**2 - 13*y - 10. Determine v(7).
-3
Let q(j) = -5*j + 151. Calculate q(35).
-24
Let f(i) = -i**3 - 6*i**2 + 1. What is f(-5)?
-24
Let h(r) = -3*r + 24. Determine h(6).
6
Let z(h) = -h**3 - 10*h**2 + 10*h + 1. Determine z(-11).
12
Let f(y) = 21*y - 109. Give f(5).
-4
Let v(j) = -4*j + 70. What is v(14)?
14
Let o(g) = -g**3 - 20*g**2 - 22*g - 11. Give o(-19).
46
Let z(d) = -d**3 - 9*d**2 - 11*d - 7. Determine z(-4).
-43
Let l(m) = -m**3 - 10*m**2 - 19*m + 14. Give l(-7).
0
Let y(i) = i**3 - 5*i**2 + 8*i - 6. What is y(3)?
0
Let m(q) = q + 1. Determine m(-7).
-6
Let n(z) = z**3 + 8*z**2 - 14*z + 6. Calculate n(-10).
-54
Let i(a) = -5*a + 3. Give i(-3).
18
Let b(d) = d**3 + 12*d**2 + 19*d + 2. Give b(-10).
12
Let r(p) = p**3 - 3*p**2 - 5*p + 1. Give r(4).
-3
Let z(b) = -2*b**2 + 14*b - 1. Give z(6).
11
Let h(i) = -5*i - 7. Give h(-4).
13
Let o(v) = -v**3 + 10*v**2 - 3*v + 6. Determine o(10).
-24
Let j(y) = -3*y**3 + 2*y**2 + y - 2. What is j(-2)?
28
Let x(p) = -p**2 - 23*p - 33. Calculate x(-19).
43
Let w(u) = -2*u - 37. Calculate w(0).
-37
Let d(c) = -2*c**2 - c. Determine d(-3).
-15
Let r(a) = -a**3 + 17*a**2 + a - 42. Calculate r(17).
-25
Let c(f) = -2*f**2 + 15*f - 16. What is c(7)?
-9
Let o(n) = n**3 - 6*n**2 + 5*n - 2. What is o(3)?
-14
Let p(j) = -j**3 + 8*j**2 - 4*j - 24. Give p(7).
-3
Let a(z) = z**3 + 6*z**2 - 17*z + 17. Give a(-8).
25
Let y(t) = 2*t**2 + 19*t + 44. Give y(-5).
-1
Let c(u) = 3*u**2 + 18*u - 9. Give c(-8).
39
Let t(y) = -11*y - 8. Give t(-3).
25
Let h(a) = -a**2 + 3*a + 33. What is h(7)?
5
Let p(h) = -2*h**3 + 7*h**2 - 3*h - 6. Calculate p(4).
-34
Let i(h) = h**2 + 4*h + 5. Determine i(5).
50
Let r(z) = z**3 + 2. Determine r(-3).
-25
Let u(r) = 5*r - 82. Calculate u(15).
-7
Let z(w) = -w**3 - 11*w**2 - 28*w - 5. Determine z(-5).
-15
Let p(j) = -5*j + 4. What is p(2)?
-6
Let h(a) = -a**3 - 9*a**2 + 8*a - 12. What is h(-10)?
8
Let s(n) = -7*n**3 + 2*n**2 - 2*n + 2. Determine s(1).
-5
Let i(j) = -12*j - 9. What is i(4)?
-57
Let z(b) = -2*b**2 + 9*b + 12. Calculate z(5).
7
Let j(b) = -b**3 - 49*b**2 + 51*b + 25. Give j(-50).
-25
Let m(f) = f**3 - 24*f**2 - 27*f + 41. Give m(25).
-9
Let o(b) = b**2 + 10*b + 33. Determine o(-8).
17
Let d(x) = x**2 + 8*x + 1. Determine d(-6).
-11
Let m(c) = c**3 + 9*c**2 + 6*c + 6. Calculate m(-8).
22
Let m(a) = -9*a - 134. Determine m(-16).
10
Let i(c) = c**3 - 4*c**2 - c + 6. Calculate i(0).
6
Let i(o) = 20*o**2 + 7*o + 9. Give i(-3).
168
Let d(a) = -2*a**2 - 13*a + 6. Calculate d(-7).
-1
Let n(q) = -q**2 - 14*q + 22. Calculate n(-16).
-10
Let h(n) = -8*n - 12. Give h(-6).
36
Let p(n) = n + 13. What is p(-11)?
2
Let g(s) = -s**2 - 8*s + 1. What is g(-9)?
-8
Let g(k) = k**2 + 2*k - 35. Calculate g(4).
-11
Let w(k) = -k**2 - 12*k + 8. Give w(-13).
-5
Let d(i) = -3*i**2 + 4*i - 1. Determine d(4).
-33
Let z(l) = -l**2 - 42*l + 108. Calculate z(-42).
108
Let s(v) = -15*v + 72. What is s(5)?
-3
Let x(l) = -l**2 + 7*l - 2. What is x(6)?
4
Let p(w) = -w**3 - 15*w**2 - 8. Determine p(-15).
-8
Let c(z) = -z**2 - 10*z - 3. Give c(-3).
18
Let t(j) = j**3 - 2*j**2 + 2*j - 4. Give t(3).
11
Let k(v) = v**2 + 4*v + 8. Determine k(-8).
40
Let n(t) = -t**3 + t**2 + 10*t + 6. What is n(0)?
6
Let u(k) = 8*k**3 - k**2. Calculate u(1).
7
Let g(x) = -27*x - 1. What is g(-1)?
26
Let a(g) = 2*g**2 + 3*g + 6. Calculate a(-5).
41
Let w(z) = z + 6. Give w(0).
6
Let s(p) = -4*p - 23. Calculate s(-9).
13
Let o(b) = -23*b + 2. Give o(3).
-67
Let q(c) = 7*c + 238. What is q(-35)?
-7
Let f(c) = -16*c + 115. Give f(8).
-13
Let l(d) = d**3 + 23*d**2 - 22*d + 46. Determine l(-24).
-2
Let k(a) = -92*a - 558. What is k(-6)?
-6
Let o(q) = -q**3 + 5*q**2 + 6*q + 10. Give o(7).
-46
Let i(j) = j**3 - 11*j**2 + 10*j + 3. Determine i(10).
3
Let z(g) = -g**2 + 14*g + 1. What is z(12)?
25
Let c(a) = 5*a**3 - 14*a**2 + 5*a - 7. Determine c(3).
17
Let f(z) = 3*z - 49. Determine f(16).
-1
Let h(f) = f**3 - 11*f**2 + 10*f + 20. Give h(10).
20
Let m(f) = -f**3 - 2*f**2. Calculate m(-2).
0
Let w(b) = b + 4. Determine w(-1).
3
Let p(v) = v**3 - 12*v**2 + 25*v - 28. Give p(10).
22
Let g(p) = -3*p**3 - 2*p**2 - p + 1. What is g(-1)?
3
Let v(x) = -2*x + 27. Give v(9).
9
Let c(l) = 6*l + 21. What is c(-4)?
-3
Let j(s) = s**3 - 10*s**2 + 12*s + 28. Calculate j(8).
-4
Let c(z) = 3*z - 5. Calculate c(-7).
-26
Let u(q) = q - 1. Calculate u(-4).
-5
Let s(p) = p**3 - 8*p**2 + 8*p - 6. Calculate s(7).
1
Let x(l) = 2*l - 1. What is x(7)?
13
Let l(y) = -y - 6. Determine l(-14).
8
Let j(b) = b**3 - 15*b**2 + 51*b - 6. Determine j(10).
4
Let m(q) = q**3 + 4*q**2 + 2*q - 1. Calculate m(-4).
-9
Let i(b) = -b**2 + b + 10. What is i(-4)?
-10
Let n(h) = 2*h**3 - 11*h**2 - h - 7. What is n(6)?
23
Let m(r) = r**2 + 19*r + 75. Give m(-7).
-9
Let m(n) = -6*n + 40. What is m(7)?
-2
Let y(o) = o**3 + 16*o**2 + 12*o + 20. Give y(-15).
65
Let z(c) = 3*c + 20. What is z(-9)?
-7
Let u(h) = -h**3 - 2*h - 70. Calculate u(0).
-70
Let f(t) = 4*t**2 + 2. Give f(-3).
38
Let x(m) = -m - 25. Determine x(0).
-25
Let l(n) = -n**2 + 14*n + 10. Calculate l(15).
-5
Let x(o) = 4*o**3 + 2*o**2 - 1. Determine x(1).
5
Let i(j) = -j**3 - 5*j**2 - 5*j - 1. Calculate i(-4).
3
Let j(p) = p**3 - 36*p**2 - 4*p + 167. Give j(36).
23
Let a(s) = s**2 - 58*s + 550. What is a(46)?
-2
Let f(s) = -s**2 + 2*s - 24. Calculate f(0).
-24
Let n(p) = p**2 + 1. Calculate n(-6).
37
Let v(t) = -5*t**3 + 2*t**2 + t. Determine v(-1).
6
Let i(w) = w**3 + 18*w**2 + 18*w + 30. Calculate i(-17).
13
Let k(c) = 14*c - 7. What is k(-3)?
-49
Let l(m) = -4*m + 34. Calculate l(6).
10
Let g(m) = m**2 + 3*m - 6. What is g(6)?
48
Let t(k) = 3*k + 4. Calculate t(-9).
-23
Let y(c) = -c**2 + 9*c + 36. Calculate y(11).
14
Let y(b) = -b**2 + 5*b + 54. Calculate y(10).
4
Let i(v) = 3*v + 86. Calculate i(0).
86
Let f(q) = q**2 + 14*q - 21. Give f(-15).
-6
Let i(h) = -h**3 + 24*h**2 - 22*h - 22. Determine i(23).
1
Let q(c) = -c**3 + 37*c**2 + 39*c - 36. Calculate q(38).
2
Let w(c) = -4*c - 12. Give w(-5).
8
Let p(z) = z**2 + 15*z + 26. Determine p(-13).
0
Let h(y) = 4*y**2 - 176*y - 4. What is h(44)?
-4
Let d(h) = 3*h - 7. Give d(5).
8
Let o(h) = -h**3 + 17*h**2 + h + 5. What is o(17)?
22
Let d(l) = 3*l**3 + 5*l**2 + 3*l + 2. Determine d(-2).
-8
Let p(x) = -9*x - 4. Determine p(-3).
23
Let o(g) = 6*g - 135. Determine o(21).
-9
Let i(x) = 3*x + 13. Determine i(-5).
-2
Let u(c) = -8*c + 2. Determine u(-2).
18
Let u(m) = -m**2 - 18. Give u(0).
-18
Let r(k) = 4*k + 4. Calculate r(-5).
-16
Let k(v) = -v**2 - 7*v + 8. Give k(-9).
-10
Let g(a) = 12*a**2 - 480*a - 5. Give g(40).
-5
Let o(a) = -3*a - 3. Determine o(-3).
6
Let c(i) = -i**3 - 5*i**2 - 18*i - 91. Determine c(-5).
-1
Let k(h) = h**3 - 3*h + 2. Calculate k(-3).
-16
Let x(n) = -9*n**2 + 9*n + 20. Determine x(-4).
-160
Let o(a) = -3*a + 16. Calculate o(-7).
37
Let h(b) = -b**3 + 6*b**2 + 9*b - 8. What is h(7)?
6
Let l(s) = s**3 + 13*s**2 - 16*s - 4. Calculate l(-14).
24
Let o(t) = -122*t**2 + 1. 